 digit of 2814612?
8
What is the hundred thousands digit of 706483?
7
What is the millions digit of 14321621?
4
What is the hundreds digit of 4307?
3
What is the ten thousands digit of 126957?
2
What is the tens digit of 1412918?
1
What is the ten thousands digit of 240827?
4
What is the thousands digit of 488368?
8
What is the tens digit of 278630?
3
What is the units digit of 533737?
7
What is the units digit of 7458227?
7
What is the millions digit of 6662027?
6
What is the millions digit of 2647533?
2
What is the ten thousands digit of 1517319?
1
What is the thousands digit of 141655?
1
What is the hundreds digit of 4823601?
6
What is the ten thousands digit of 10359939?
5
What is the hundreds digit of 20248?
2
What is the thousands digit of 102530?
2
What is the units digit of 732058?
8
What is the tens digit of 146011?
1
What is the hundreds digit of 265214?
2
What is the thousands digit of 1268621?
8
What is the tens digit of 69909?
0
What is the hundreds digit of 2410353?
3
What is the units digit of 16741?
1
What is the hundreds digit of 38892?
8
What is the units digit of 213578?
8
What is the tens digit of 142059?
5
What is the ten thousands digit of 1219048?
1
What is the hundred thousands digit of 2432497?
4
What is the tens digit of 5042005?
0
What is the ten thousands digit of 47705?
4
What is the tens digit of 1377723?
2
What is the tens digit of 3835068?
6
What is the units digit of 6005329?
9
What is the ten thousands digit of 314780?
1
What is the tens digit of 585497?
9
What is the thousands digit of 486942?
6
What is the ten thousands digit of 11756159?
5
What is the hundred thousands digit of 330308?
3
What is the ten thousands digit of 100068?
0
What is the hundreds digit of 843174?
1
What is the thousands digit of 887404?
7
What is the ten thousands digit of 6154930?
5
What is the hundreds digit of 701233?
2
What is the hundred thousands digit of 8464206?
4
What is the thousands digit of 720379?
0
What is the hundreds digit of 85647?
6
What is the ten thousands digit of 326079?
2
What is the tens digit of 4926424?
2
What is the ten thousands digit of 5608570?
0
What is the ten thousands digit of 817849?
1
What is the ten thousands digit of 14570524?
7
What is the hundred thousands digit of 4871419?
8
What is the hundreds digit of 1093860?
8
What is the ten thousands digit of 664760?
6
What is the tens digit of 968893?
9
What is the units digit of 1732166?
6
What is the ten thousands digit of 2135485?
3
What is the ten thousands digit of 11887120?
8
What is the hundred thousands digit of 365714?
3
What is the ten thousands digit of 13820809?
2
What is the units digit of 14404?
4
What is the hundred thousands digit of 6541347?
5
What is the units digit of 552100?
0
What is the hundred thousands digit of 1487664?
4
What is the ten thousands digit of 397949?
9
What is the hundred thousands digit of 391051?
3
What is the tens digit of 347547?
4
What is the thousands digit of 4968491?
8
What is the ten thousands digit of 25685453?
8
What is the millions digit of 7678109?
7
What is the ten thousands digit of 553033?
5
What is the hundreds digit of 335049?
0
What is the ten thousands digit of 3002904?
0
What is the units digit of 123177?
7
What is the thousands digit of 12922791?
2
What is the hundreds digit of 4543974?
9
What is the hundred thousands digit of 562668?
5
What is the hundred thousands digit of 2369441?
3
What is the tens digit of 520778?
7
What is the units digit of 95834?
4
What is the hundreds digit of 21476166?
1
What is the units digit of 192739?
9
What is the hundreds digit of 32121557?
5
What is the thousands digit of 1453618?
3
What is the hundred thousands digit of 348635?
3
What is the ten thousands digit of 2246707?
4
What is the hundred thousands digit of 225670?
2
What is the units digit of 2580963?
3
What is the tens digit of 2511979?
7
What is the tens digit of 1259915?
1
What is the ten thousands digit of 2785689?
8
What is the tens digit of 330694?
9
What is the millions digit of 1737275?
1
What is the thousands digit of 4520130?
0
What is the millions digit of 4525078?
4
What is the hundreds digit of 128034?
0
What is the ten thousands digit of 202271?
0
What is the millions digit of 2118722?
2
What is the units digit of 127045?
5
What is the thousands digit of 1151748?
1
What is the thousands digit of 1486201?
6
What is the millions digit of 11206696?
1
What is the hundred thousands digit of 194227?
1
What is the units digit of 3960969?
9
What is the hundreds digit of 11944514?
5
What is the millions digit of 6800324?
6
What is the hundreds digit of 5940554?
5
What is the thousands digit of 356345?
6
What is the hundreds digit of 1144423?
4
What is the ten thousands digit of 134346?
3
What is the units digit of 426405?
5
What is the units digit of 2205534?
4
What is the hundred thousands digit of 457804?
4
What is the thousands digit of 1659044?
9
What is the thousands digit of 21346?
1
What is the ten thousands digit of 4697714?
9
What is the millions digit of 34161338?
4
What is the units digit of 75196?
6
What is the units digit of 1446456?
6
What is the tens digit of 268153?
5
What is the thousands digit of 7569580?
9
What is the thousands digit of 448154?
8
What is the ten thousands digit of 4475636?
7
What is the units digit of 1471515?
5
What is the hundreds digit of 2714708?
7
What is the tens digit of 4926401?
0
What is the thousands digit of 1989113?
9
What is the hundreds digit of 5846305?
3
What is the tens digit of 43719?
1
What is the millions digit of 2339841?
2
What is the units digit of 187255?
5
What is the ten thousands digit of 304022?
0
What is the ten thousands digit of 1313218?
1
What is the ten thousands digit of 10618831?
1
What is the ten thousands digit of 5950659?
5
What is the hundreds digit of 82649?
6
What is the hundreds digit of 185069?
0
What is the tens digit of 582292?
9
What is the thousands digit of 5746425?
6
What is the thousands digit of 9697837?
7
What is the ten thousands digit of 5629756?
2
What is the millions digit of 8362052?
8
What is the hundreds digit of 2262206?
2
What is the hundred thousands digit of 283973?
2
What is the thousands digit of 2450387?
0
What is the ten thousands digit of 26641953?
4
What is the thousands digit of 5964264?
4
What is the units digit of 168340?
0
What is the units digit of 210196?
6
What is the ten thousands digit of 1855867?
5
What is the units digit of 279501?
1
What is the hundreds digit of 114874?
8
What is the tens digit of 25967137?
3
What is the units digit of 40721?
1
What is the ten thousands digit of 174881?
7
What is the hundred thousands digit of 24224879?
2
What is the units digit of 4523840?
0
What is the units digit of 86394?
4
What is the ten thousands digit of 4850018?
5
What is the ten thousands digit of 331120?
3
What is the tens digit of 1279379?
7
What is the units digit of 176198?
8
What is the units digit of 250482?
2
What is the tens digit of 183890?
9
What is the tens digit of 89612?
1
What is the hundred thousands digit of 6041586?
0
What is the hundreds digit of 2630361?
3
What is the millions digit of 7973032?
7
What is the hundred thousands digit of 911133?
9
What is the hundred thousands digit of 2572182?
5
What is the millions digit of 18297804?
8
What is the hundreds digit of 10013858?
8
What is the tens digit of 858897?
9
What is the tens digit of 1727355?
5
What is the hundreds digit of 361284?
2
What is the ten thousands digit of 208295?
0
What is the units digit of 2655590?
0
What is the hundred thousands digit of 17069586?
0
What is the units digit of 1013606?
6
What is the hundreds digit of 16909528?
5
What is the units digit of 9084247?
7
What is the hundred thousands digit of 587567?
5
What is the hundred thousands digit of 433687?
4
What is the ten thousands digit of 15294155?
9
What is the thousands digit of 221864?
1
What is the tens digit of 831909?
0
What is the hundred thousands digit of 334725?
3
What is the ten thousands digit of 187460?
8
What is the ten thousands digit of 2623312?
2
What is the hundred thousands digit of 9096661?
0
What is the tens digit of 35316133?
3
What is the thousands digit of 460965?
0
What is the tens digit of 1536907?
0
What is the hun